et d(a) = a**2 + 364*a + 7197. Give d(-21).
-6
Let d(c) = 113*c - 4086. Determine d(36).
-18
Let k(s) = -386*s - 7325. Give k(-19).
9
Let i(w) = w**3 + 65*w**2 - 134*w - 3. Calculate i(-67).
-3
Let g(u) = -615*u + 4353. Calculate g(7).
48
Let h(i) = 5791*i + 23158. Give h(-4).
-6
Let v(h) = h**3 - 33*h**2 + 154*h + 216. Calculate v(27).
0
Let a(d) = -296*d - 10955. Calculate a(-37).
-3
Let z(a) = 31*a + 35. What is z(-3)?
-58
Let k(g) = 28*g - 671. Determine k(18).
-167
Let m(k) = -66*k + 1519. What is m(23)?
1
Let c(m) = 24*m - 172. What is c(9)?
44
Let l(v) = 6*v + 21. Determine l(-6).
-15
Let t(r) = -r**3 - 4*r**2 + 225*r + 1290. Determine t(-6).
12
Let i(m) = 125*m**2 + 20*m + 3. Determine i(1).
148
Let x(d) = 34*d + 277. Calculate x(0).
277
Let n(t) = -12*t + 670. What is n(-4)?
718
Let y(a) = -a**2 - 128*a + 24816. Give y(106).
12
Let g(l) = -2*l**3 - 24*l**2 - 33*l - 8. What is g(-1)?
3
Let i(f) = -f**2 - 24*f + 332. Calculate i(-34).
-8
Let o(a) = a**2 + 30*a + 177. What is o(-21)?
-12
Let p(q) = -q**3 - 15*q**2 + 289*q + 58. Give p(-26).
-20
Let l(s) = 35*s**2 + 341*s - 76. Calculate l(-10).
14
Let t(b) = -25*b**2 - 3*b + 228. What is t(-3)?
12
Let h(q) = -6510*q - 26046. Determine h(-4).
-6
Let s(r) = -3*r + 158. Calculate s(53).
-1
Let m(i) = -3*i**3 + 36*i**2 - 144*i + 9. What is m(5)?
-186
Let y(l) = -175*l + 1054. Give y(6).
4
Let x(q) = 2*q**2 + 737*q - 23911. What is x(30)?
-1
Let h(s) = -2*s**2 - 13*s + 40. What is h(-10)?
-30
Let d(q) = q**3 - 20*q**2 - 5*q + 187. Calculate d(20).
87
Let t(p) = 7*p**2 + 5*p + 7. Determine t(3).
85
Let r(w) = 2*w**2 + 13*w + 24. Determine r(10).
354
Let y(l) = 111*l + 3530. Calculate y(-36).
-466
Let o(l) = -l**2 + 4*l + 8. What is o(4)?
8
Let w(f) = -131*f + 879. Determine w(8).
-169
Let j(s) = -2*s**3 - 106*s**2 + 107*s + 25. What is j(-54)?
79
Let h(c) = 6*c**2 - 195*c + 611. Calculate h(29).
2
Let g(v) = -95*v**2 + 1244*v - 96. What is g(13)?
21
Let b(v) = -2*v**3 - 55*v**2 - 24*v + 82. Determine b(-27).
1
Let s(h) = -46*h + 7. Give s(0).
7
Let u(z) = -428*z**2 - z + 3. Determine u(1).
-426
Let l(r) = -67*r - 1468. Give l(-25).
207
Let z(k) = -14*k + 59. Give z(-7).
157
Let x(u) = u**2 + 36*u - 896. Calculate x(-53).
5
Let m(s) = 3*s**3 - 2*s**2 - 9*s + 5. What is m(4)?
129
Let c(s) = -7280*s - 80081. Determine c(-11).
-1
Let y(z) = z**2 + 81*z - 375. Give y(5).
55
Let i(v) = -65*v - 2542. What is i(-36)?
-202
Let j(l) = -6*l - 231. Determine j(-30).
-51
Let j(m) = 142*m**2 - 14*m + 15. Determine j(1).
143
Let i(g) = -4*g**2 - 35*g - 174. Give i(-7).
-125
Let a(k) = 2*k**3 + 50*k**2 + 51*k + 41. Give a(-24).
-31
Let b(k) = -2*k**3 + 146*k**2 + 145*k + 119. Determine b(74).
-103
Let z(m) = 1330*m - 3988. What is z(3)?
2
Let i(m) = -64*m**2 + 13*m - 9. Determine i(1).
-60
Let o(p) = 27*p - 816. Give o(52).
588
Let q(k) = -2*k**2 - 36*k + 10. Give q(-9).
172
Let l(g) = 110*g + 16933. Give l(-154).
-7
Let v(j) = -43*j + 1932. What is v(50)?
-218
Let v(y) = 105*y + 970. Calculate v(-9).
25
Let y(n) = -n**2 + 66*n - 42. Calculate y(60).
318
Let w(n) = -4*n**3 - 3*n**2 + 102*n - 315. Calculate w(3).
-144
Let w(j) = 6*j + 599. Determine w(63).
977
Let g(m) = 7*m**3 - 34*m**2 + 4*m + 2. Calculate g(4).
-78
Let u(h) = 54*h - 2177. Determine u(43).
145
Let s(k) = -2*k**2 - 77*k - 50. What is s(-38)?
-12
Let t(z) = -2*z**3 - 28*z**2 + 44*z + 267. Calculate t(-15).
57
Let i(h) = -2*h**3 + 15*h**2 - 3*h - 21. Give i(7).
7
Let b(d) = 4*d**2 + 62*d + 203. Give b(-5).
-7
Let r(o) = o**3 + 38*o**2 + 102*o - 121. Give r(-35).
-16
Let d(v) = 14*v + 71. Determine d(2).
99
Let t(q) = 32*q + 193. Determine t(-6).
1
Let y(b) = 162*b + 146. Calculate y(-1).
-16
Let a(k) = -155*k + 28. Give a(0).
28
Let s(u) = 619*u - 4301. What is s(7)?
32
Let d(f) = -3*f**3 - 35*f**2 - 17*f + 103. What is d(-11)?
48
Let y(d) = d**2 + 10054*d + 7. Determine y(0).
7
Let a(k) = -2*k**3 + 71*k**2 + 36*k + 184. What is a(36)?
184
Let s(j) = -3*j**3 - 9*j**2 - 4*j - 1. Give s(-3).
11
Let t(f) = f**2 - 10287*f - 1. Calculate t(0).
-1
Let j(t) = -168*t - 3337. Give j(-20).
23
Let o(u) = 236*u - 939. Calculate o(4).
5
Let h(b) = -128*b + 1518. Give h(12).
-18
Let j(n) = -n**3 + 2*n**2 + 20*n - 46. Give j(2).
-6
Let d(w) = -17*w - 155. Give d(-13).
66
Let g(x) = -112*x**2 - 14*x + 15. What is g(2)?
-461
Let b(w) = -14*w**3 - 14*w**2 - 10*w + 3. Calculate b(-1).
13
Let l(i) = -22*i**3 + 836*i**2 + 2*i - 72. Calculate l(38).
4
Let j(a) = -a**3 - 27*a**2 - 10*a - 86. Give j(-27).
184
Let v(o) = o**2 - 48*o + 72. Determine v(46).
-20
Let a(r) = -r**2 - 19*r. Calculate a(11).
-330
Let u(g) = g**3 - 44*g - 13. What is u(7)?
22
Let c(o) = 74*o + 2497. Determine c(-34).
-19
Let y(s) = -s**2 + 204*s + 4241. Give y(-19).
4
Let m(f) = -60*f + 52. Determine m(0).
52
Let p(u) = 12*u - 91. What is p(2)?
-67
Let v(h) = -2*h**3 + 92*h**2 + 1122*h - 81. Calculate v(56).
31
Let k(y) = 2*y**2 - 135*y + 779. Calculate k(62).
97
Let k(g) = 17*g**2 - g + 8. Determine k(3).
158
Let a(o) = 246*o - 7. Determine a(0).
-7
Let l(t) = -3*t**2 + 25*t. Calculate l(-2).
-62
Let z(s) = 62*s - 708. Calculate z(12).
36
Let l(x) = -13*x**2 - 32*x + 124. Give l(5).
-361
Let g(n) = n**3 + 18*n**2 + 47*n - 6. Give g(-3).
-12
Let p(a) = a**3 + 33*a**2 - 2*a - 34. Calculate p(-33).
32
Let n(j) = j**3 + 114*j**2 + 192*j + 8921. Determine n(-113).
-6
Let a(k) = k**3 - 6*k**2 + 30*k - 37. Determine a(8).
331
Let v(f) = -f**2 - 391*f - 3454. Give v(-9).
-16
Let y(n) = -3*n**3 - 47*n**2 + 11*n - 72. Give y(-16).
8
Let x(k) = -k**3 + 7*k**2 + 5*k + 27. What is x(8)?
3
Let a(h) = 17*h - 1351. Determine a(79).
-8
Let j(y) = 3*y**3 + 3*y**2 + 12*y + 24. What is j(-2)?
-12
Let v(u) = -2794*u + 36290. Determine v(13).
-32
Let p(r) = -149*r - 1575. What is p(-11)?
64
Let q(k) = -11*k**3 + 22*k**2 - 4*k + 3. Give q(2).
-5
Let g(q) = 16*q**2 - 168*q - 6. Calculate g(11).
82
Let p(r) = 702*r - 3497. Determine p(5).
13
Let l(k) = -8*k**2 + 337*k - 375. What is l(41)?
-6
Let k(t) = 22*t + 540. Calculate k(-22).
56
Let q(h) = h**2 - 45*h - 15185. Determine q(-103).
59
Let y(x) = -37*x - 1043. Determine y(-28).
-7
Let a(r) = -r**3 + 44*r**2 - 37*r - 123. Determine a(43).
135
Let w(f) = -9*f**2 - 184*f + 45. Give w(-10).
985
Let z(i) = i**3 + 42*i**2 - 41*i - 29. Give z(-43).
-115
Let q(n) = -2*n**2 - 78*n - 138. Give q(-42).
-390
Let z(a) = -a**3 - 16*a**2 + 10*a + 43. Give z(-16).
-117
Let b(y) = -81*y + 260. Give b(7).
-307
Let u(z) = -z**3 - 16*z**2 - 33. Calculate u(-16).
-33
Let m(o) = o**3 + 12*o**2 + 17*o - 28. Give m(-11).
-94
Let g(v) = -6*v**3 - 72*v**2 + 6*v + 93. What is g(-12)?
21
Let b(h) = -2*h**2 + 256*h + 2183. Determine b(-8).
7
Let w(z) = -32*z**2 - 160*z - 1. What is w(-5)?
-1
Let i(u) = -9*u**2 + 6*u - 16. Give i(2).
-40
Let g(h) = 3*h**2 + 17*h + 79. Determine g(-4).
59
Let b(z) = -z**2 + 473*z - 33892. Calculate b(88).
-12
Let y(n) = -n**3 - 22*n**2 - 125*n - 1657. Give y(-20).
43
Let h(i) = -160*i - 1921. What is h(-12)?
-1
Let p(h) = 221*h - 828. Calculate p(4).
56
Let g(r) = 970*r + 20368. Calculate g(-21).
-2
Let s(m) = -m**3 - m**2 - 4*m + 78. Calculate s(0).
78
Let t(j) = j**3 - 118*j**2 + 238*j - 801. Determine t(116).
-105
Let z(a) = 43*a - 841. Give z(10).
-411
Let q(l) = -36*l**2 - 63*l + 178. Give q(3).
-335
Let d(o) = o**3 + 49*o**2 + 46*o - 95. What is d(-48)?
1
Let o(w) = -w**2 + 15*w + 2435. Calculate o(58).
-59
Let r(j) = 430*j + 2345. Calculate r(-6).
-235
Let z(l) = -8*l**3 + 12*l**2 + 10*l - 2. Give z(2).
2
Let w(r) = 5*r**2 - 28*r + 60. What is w(2)?
24
Let u(v) = 3*v**3 - 44*v**2 + 25*v + 48. Determine u(14).
6
Let f(b) = 128*b + 1025. Give f(-8).
1
Let r(v) = -38*v + 157. Calculate r(17).
-489
Let r(q) = 106*q + 422. Calculate r(-4).
-2
Let n(x) = 17*x + 38. Give n(4).
106
Let g(l) = l**3 - 45*l**2 + 133*l - 283. Give g(42).
11
Let t(h) = 475*h - 3307. Give t(7).
18
Let n(i) = 7*i - 128. Determine n(20).
12
Let m(c) = -2*c**3 + 4*c**2 - 13*c + 2. Give m(5).
-213
Let i(s) = 7*s**2 - 1609*s + 22556. What is i(15)?
-4
Let p(y) = -y**2 - 5*y + 259. What is p(14)?
-7
Let n(l) = -l**2 - 1717*l - 5137. Determine n(-3).
5
Let u(v) = -v**3 + 36*v**2 - 67*v - 93. Give u(34).
-59
Let z(c) = 10*c**2 + 118*c + 34. Determine z(-9).
-218
Let o(c) = -15*c + 429. Wh